 17*i + 3. Let b be a(18). Let o = b - 7. Suppose o*t - 5*t = 63. Calculate the highest common factor of 49 and t.
7
Let i = 626 + -525. Let s = 124 + i. Calculate the highest common divisor of s and 45.
45
Let f(p) = -p**3 + 26*p**2 + 32*p + 5. Let a be f(9). What is the greatest common factor of 40 and a?
10
Suppose 5*p + k = 95, -3*p - k + 99 = 44. Let q(z) = 2*z**2 + 7*z + 16. Let h be q(-12). Calculate the highest common divisor of h and p.
20
Let g be 1120/(-60)*-3*3. Let l = g + -154. Let f(i) = i**3 + 7*i**2 - 9*i - 1. Let s be f(-8). What is the highest common divisor of l and s?
7
Let t = 8107 - 7884. Calculate the highest common factor of t and 3791.
223
Suppose 17*i = 24*i - 3024. Let k(s) = s**2 + 7*s - 96. Let r be k(9). Calculate the highest common factor of i and r.
48
Suppose 316 + 329 = 5*l. Suppose 2*s = -75 - l. Let o = -72 - s. Calculate the greatest common divisor of 10 and o.
10
Let a = 59606 - 59411. Suppose -2*z + 45 = c, 2*z = -2*z. Calculate the highest common factor of c and a.
15
Suppose -4*t = x - 9 - 2, 0 = -x + t + 26. Let i = -255 - -462. What is the greatest common divisor of i and x?
23
Let m(f) = 3*f + 1374. Let v be m(0). Suppose -v + 6610 = 7*l. What is the greatest common divisor of l and 68?
68
Let d(n) = -4*n**2 + 99*n - 37. Let j be d(24). Calculate the highest common factor of 448 and j.
7
Let w = -10863 - -12605. Calculate the greatest common divisor of w and 286.
26
Let j(w) = 8 - w**2 - 4*w + 0*w**2 + 2*w**2 - w. Let m be j(6). Let q(z) = -18*z**2 + 77*z + 8. Let a be q(4). What is the greatest common divisor of m and a?
14
Let r(y) = -y**2 + 92*y - 64. Let u be r(48). Calculate the greatest common factor of 4 and u.
4
Let p = -4 - -31. Suppose -p*k - 300 = -32*k. Let m(q) = q**3 + 6*q**2 + 6*q + 29. Let f be m(-5). Calculate the highest common divisor of f and k.
12
Let a = 112 - 84. Suppose -3*q - 5*o = -200, 4*q - 3*o = 33 + 253. What is the highest common factor of a and q?
14
Let g be 0/(28/1) + 56. Suppose 484 - 2612 = -4*y. Calculate the highest common factor of g and y.
28
Suppose 6*u = 10*u - 3*g + 1831, -5*g = -u - 479. Let d = u + 552. Calculate the greatest common factor of d and 126.
14
Suppose 2*z = -l + 2107, 2*l - 5*z - 1856 = 2403. What is the greatest common divisor of l and 29?
29
Let i = 38 - 33. Suppose -4*b + 182 = i*c, 3*c + 0*b + 5*b = 104. Suppose 18 = c*g - 35*g. Calculate the greatest common factor of g and 6.
6
Suppose -6 = 2*o, 104 = c - 2*o + 29. Let d = 114 - c. Suppose 201*f - 9*g = 200*f - 49, f - g + 1 = 0. Calculate the greatest common divisor of f and d.
5
Suppose -48 = -7*f + 3*f. Suppose -386 - 471 - 2599 = -9*c. Calculate the greatest common divisor of c and f.
12
Let p(x) = 6*x + 32. Let q(a) = -a**3 - 4*a**2 + a + 7. Let y be q(-3). Let h be p(y). Calculate the greatest common factor of h and 26.
2
Suppose -4*t = v + 28 - 88, v = 3*t + 18. What is the highest common divisor of 126 and v?
18
Suppose 3*i = 2*p - 10, -630*i + 628*i = 5*p - 6. What is the highest common factor of p and 202?
2
Let m be (-2)/(-13) + 1315/(-13). Let a = -93 - m. Calculate the greatest common divisor of 1 and a.
1
Let d(l) = 2*l**2 - 5*l - 18. Let q be d(-2). Suppose 2*j - 4*j + 238 = q. What is the highest common divisor of j and 17?
17
Suppose -34*a - 7*a + 57*a - 576 = 0. Calculate the highest common divisor of 3708 and a.
36
Let i = -1240 + 1453. What is the highest common divisor of i and 71?
71
Suppose -2*a + 20 = 4*c, -4*a - 20 = -c - c. Let h be (-9)/c + 498/12. Suppose d - h = -0*d. What is the greatest common divisor of d and 100?
20
Suppose 9*k = 5671 - 5518. Suppose 0 = -2*w + 6*w - 824. Suppose -k + w = y. What is the highest common divisor of y and 27?
27
Let r = 7 - -1. Suppose -r = 10*l + 62. Let i = 5 - l. Calculate the greatest common divisor of 8 and i.
4
Let v = 1708 - 1665. Let h = 990 - 328. Let z = h - 318. Calculate the highest common divisor of z and v.
43
Suppose -19*z = -24*z + 15*z - 100. Calculate the highest common divisor of z and 1270.
10
Let b be (-85)/(-1) - (324 + -331). Calculate the greatest common divisor of 2438 and b.
46
Let j be (54 - 18070/325)/((-4)/130). Let k be (-2)/(-4) - 63/(-2). Calculate the highest common factor of j and k.
4
Let r be (77 + -3)/(4/(-40)). Let x = r + 1036. Suppose -111 = -50*s + 47*s. What is the highest common divisor of s and x?
37
Let k = 58 + -52. Let x = k - 4. Suppose -x*n - 3*n + 2*d = -550, 3*d - 575 = -5*n. Calculate the highest common divisor of n and 14.
14
Let m(o) = 12*o + 21. Let n be ((-4)/(-5))/(4/10). Let h be m(n). Calculate the greatest common factor of h and 360.
45
Let z = 79 - 77. Let b(u) = -10*u - 4. Let f be b(z). Let l be 25*(6/8 - 6/f). Calculate the greatest common divisor of 5 and l.
5
Suppose 0 = 26*x - 33*x + 210. Let z = 53 - x. Calculate the greatest common divisor of 115 and z.
23
Let t(m) be the first derivative of m**4/4 + m**3/3 - m**2/2 + 77*m - 2. Let w be -37 + 33 - -4*1. Let g be t(w). What is the highest common factor of g and 11?
11
Suppose -11*o + 24 = -75. Suppose o*s - 5*s = a - 16, 3*s - 103 = -5*a. What is the highest common factor of a and 32?
4
Suppose -4*s + c = -210, 5*c - 497 = -5*s - 197. What is the highest common factor of s and 189?
27
Let v(n) = 3*n + 4*n + 49 + 5*n - 6*n. Let u be v(-16). Let x = u - -61. Calculate the highest common divisor of 14 and x.
14
Suppose 0 = -669*m + 454*m + 1604975. Calculate the highest common factor of m and 10.
5
Let z(m) = -m**2 - 19*m + 63. Let h = 92 - 13. Let k = -100 + h. Let s be z(k). Calculate the greatest common factor of s and 168.
21
Suppose -14 = 2*c + 3*n, 3*n + 2 = c - 0. Let g be 4 + c + (3 - 1). Suppose g*m = m + 2*z + 9, 3*m + z + 1 = 0. What is the greatest common divisor of 1 and m?
1
Let u be ((-294)/198 - (-4)/(-22))/((-1)/63). What is the highest common factor of 2415 and u?
105
Suppose 47138 = 749*d - 257*d + 14666. Suppose 2*g = 4*g - 66. What is the greatest common factor of g and d?
33
Suppose 10835*p - 10811*p - 2808 = 0. What is the greatest common divisor of 6864 and p?
39
Let s = 22209 + -22109. What is the highest common divisor of 4700 and s?
100
Suppose -3*c + 69 = 2*o, -2*c + 139*o - 144*o + 68 = 0. Calculate the highest common factor of 9329 and c.
19
Suppose 0 = 5*j - r + 3*r - 2109, -8 = -4*r. Let m = j + -331. Calculate the greatest common divisor of m and 54.
18
Let c(b) = -7 - 2 - 67*b - 1 + 61*b + b**2. Let w(k) = k - 1. Let z(f) = c(f) + 4*w(f). Let y be z(-8). Calculate the greatest common divisor of 6 and y.
6
Let u = 4422 - 4252. What is the highest common divisor of 20315 and u?
85
Suppose -1925 = -33*c - 45*c + c. Calculate the greatest common divisor of c and 485.
5
Let d(b) = 6*b + 2. Let t be d(-2). Let p(w) = -4*w - 12. Let v be p(t). Let a = -12579 + 12677. What is the greatest common factor of v and a?
14
Let f(c) = -c**3 - c**2 - 2. Let v be f(-2). Let w(x) = 8*x + 102. Let b be w(-12). Let i be (3/b)/(v/40). What is the highest common factor of 25 and i?
5
Let f = -3191 - -3219. Suppose a + n = -19, 4*a + n - 3*n = -106. Let z be (-1)/3 + (-3704)/a. Calculate the greatest common divisor of z and f.
14
Let m be (-1127)/161*(-6 + 0 + 1). Calculate the highest common factor of 155 and m.
5
Suppose -9*k = -2*k. Suppose -5*g = -3*g - 2, -4*o + 4*g + 4 = k. Let t(u) = -u**3 - u - 1. Let d be t(-1). What is the greatest common divisor of o and d?
1
Suppose -16 = 3*m + 8. Let p(i) = -63*i + 6 + 64*i + 8. Let b be p(m). Calculate the greatest common divisor of b and 18.
6
Let v = -8 - 7. Let g be 6*(-10)/v - -9. Calculate the greatest common divisor of 65 and g.
13
Let o = -23 + 31. Suppose s = -4*h + 10, 21 = h + 5*s + 9. Let a be (o/(-12))/(h/(-9)). Calculate the greatest common factor of a and 24.
3
Let q(d) = 18*d**2 - 75*d - 472. Let b be q(-8). Calculate the highest common factor of 220 and b.
20
Let x = -204 - -194. Let t be (-28)/x + (4/(-5) - 0). What is the highest common factor of t and 3?
1
Let k = -5070 - -5210. Suppose 4*l - 2*s = 9*l - 208, 0 = -3*l - s + 124. Calculate the greatest common factor of k and l.
20
Let a = 124123 + -123923. Suppose 3*c - 69 = 6. Calculate the greatest common factor of c and a.
25
Suppose -3*z = -5*m - 2252, 6*z + 2*m + 3766 = 11*z. 